{"id":10,"date":"2010-01-10T19:25:18","date_gmt":"2010-01-10T19:25:18","guid":{"rendered":"http:\/\/localhost\/wordpress\/?page_id=10"},"modified":"2025-11-21T08:48:12","modified_gmt":"2025-11-21T08:48:12","slug":"vita","status":"publish","type":"page","link":"https:\/\/www.claudia-lampert.de\/?page_id=10","title":{"rendered":"\u00dcber mich"},"content":{"rendered":"\n<figure class=\"wp-block-image size-large\"><a href=\"https:\/\/www.claudia-lampert.de\/wp-content\/uploads\/2023\/09\/CL.jpg\"><img decoding=\"async\" loading=\"lazy\" width=\"1024\" height=\"399\" src=\"https:\/\/www.claudia-lampert.de\/wp-content\/uploads\/2023\/09\/CL-1024x399.jpg\" alt=\"\" class=\"wp-image-1496\" srcset=\"https:\/\/www.claudia-lampert.de\/wp-content\/uploads\/2023\/09\/CL-1024x399.jpg 1024w, https:\/\/www.claudia-lampert.de\/wp-content\/uploads\/2023\/09\/CL-300x117.jpg 300w, https:\/\/www.claudia-lampert.de\/wp-content\/uploads\/2023\/09\/CL-768x299.jpg 768w, https:\/\/www.claudia-lampert.de\/wp-content\/uploads\/2023\/09\/CL-1536x599.jpg 1536w, https:\/\/www.claudia-lampert.de\/wp-content\/uploads\/2023\/09\/CL.jpg 1814w\" sizes=\"(max-width: 1024px) 100vw, 1024px\" \/><\/a><\/figure>\n\n\n\n<p>Ich arbeite als <a href=\"https:\/\/www.hans-bredow-institut.de\/de\/mitarbeiter\/claudia-lampert\" target=\"_blank\" rel=\"noreferrer noopener\">Senior Researcher am Leibniz-Institut f\u00fcr Medienforschung | Hans-Bredow-Institut (HBI)<\/a> in Hamburg. Einer meiner Forschungsschwerpunkte liegt im Bereich der Mediensozialisation und Medienp\u00e4dagogik. In verschiedenen Projekten (z. B. \u00a0<a href=\"http:\/\/www.eukidsonline.de\/\" target=\"_blank\" rel=\"noreferrer noopener\">EU Kids Online<\/a>,\u00a0<a href=\"https:\/\/www.hans-bredow-institut.de\/de\/projekte\/sozialisation-in-einer-sich-wandelnden-medienumgebung\">Sozialisation in einer sich wandelnden Medienumgebung, <\/a><a href=\"https:\/\/www.hans-bredow-institut.de\/de\/projekte\/sicherheit-fuer-kinder-in-der-digitalen-welt\">S<\/a><a href=\"https:\/\/www.hans-bredow-institut.de\/de\/projekte\/sozialisation-in-einer-sich-wandelnden-medienumgebung\">IKID-Sicherheit von Kindern in der digitalen Welt) <\/a>besch\u00e4ftige ich mich mit der Rolle der digitalen Medien im Alltag von Kindern und Jugendlichen und den Herausforderungen f\u00fcr ein gesundes Aufwachsen mit Medien.<br>Dar\u00fcber hinaus interessiere ich mich f\u00fcr den Themenbereich der medienbezogenen Gesundheitskommunikation, insbesondere f\u00fcr die Potenziale und Grenzen von (digitalen) Unterhaltungsmedien f\u00fcr die Gesundheitsf\u00f6rderung. Gemeinsam mit zwei anderen Kolleginnen habe ich 2003 das <a href=\"http:\/\/www.netzwerk-gesundheitskommunikation.de\/\" target=\"_blank\" rel=\"noreferrer noopener\">Netzwerk Medien und Gesundheitskommunikation<\/a> ins Leben gerufen, das sich f\u00fcr einen transdisziplin\u00e4ren Austausch \u00fcber medial vermittelte Gesundheitskommunikation engagiert.\u00a0<\/p>\n\n\n\n<p><strong>Disziplinen<\/strong><\/p>\n\n\n\n<ul>\n<li>Kommunikations- und Medienwissenschaft<\/li>\n\n\n\n<li>Erziehungswissenschaft<\/li>\n<\/ul>\n\n\n\n<p><strong>Interessen &amp; Kompetenzen<\/strong><\/p>\n\n\n\n<p>Kinder und Medien, Mediensozialisation, Medienp\u00e4dagogik, Medienkompetenz<br>Gesundheitskommunikation, Gesundheitsinformationsverhalten, Entertainment-Education, Serious Games (for Health)<\/p>\n\n\n\n<div style=\"height:30px\" aria-hidden=\"true\" class=\"wp-block-spacer\"><\/div>\n\n\n\n<h2 class=\"wp-block-heading\">About<\/h2>\n\n\n\n<p>I&#8217;m a <a href=\"https:\/\/www.hans-bredow-institut.de\/en\/staff\/claudia-lampert\" target=\"_blank\" rel=\"noreferrer noopener\">Senior Researcher at the Leibniz Institute for Media Research | Hans-Bredow-Institut (HBI)<\/a> in Hamburg. One of my particular research interests and emphases is in the area of media socialisation and media-education. In various projects (<a href=\"http:\/\/www.eukidsonline.de\/\" target=\"_blank\" rel=\"noreferrer noopener\">EU Kids Online<\/a>,\u00a0<a href=\"https:\/\/www.hans-bredow-institut.de\/de\/projekte\/sozialisation-in-einer-sich-wandelnden-medienumgebung\">Socialisation in a Changing Media Environment, <\/a><a href=\"https:\/\/www.hans-bredow-institut.de\/de\/projekte\/sicherheit-fuer-kinder-in-der-digitalen-welt\">S<\/a><a href=\"https:\/\/www.hans-bredow-institut.de\/de\/projekte\/sozialisation-in-einer-sich-wandelnden-medienumgebung\">IKID &#8211; Safety of Children in a Digital World<\/a>), I&#8217;m working on the role of digital media in the everyday lives of children and adolescents challenges for a healthy growing up with media. <br>Furthermore, I&#8217;m interested in the subject area of media-related health communication, especially in the potentials and limitations of (digital) entertainment media for health promotion. With two other colleagues, I founded the German <a href=\"https:\/\/netzwerk-gesundheitskommunikation.de\/\">Network Media and Health Communication<\/a>, which has been engaged in a transdisciplinary exchange on media-mediated health communication since 2003.<\/p>\n\n\n\n<p><strong>Disciplines<\/strong><\/p>\n\n\n\n<ul>\n<li>Communication and Media<\/li>\n\n\n\n<li>Educational Sciences<\/li>\n<\/ul>\n\n\n\n<p><strong>Interests &amp; Expertise<\/strong><\/p>\n\n\n\n<p>children and media, media socialisation, media education, media literacy,<br>health communication, health information seeking, entertainment-education, serious games (for health),<\/p>\n","protected":false},"excerpt":{"rendered":"<p>Ich arbeite als Senior Researcher am Leibniz-Institut f\u00fcr Medienforschung | Hans-Bredow-Institut (HBI) in Hamburg. Einer meiner Forschungsschwerpunkte liegt im Bereich der Mediensozialisation und Medienp\u00e4dagogik. In verschiedenen Projekten (z. B. \u00a0EU Kids Online,\u00a0Sozialisation in einer sich wandelnden Medienumgebung, SIKID-Sicherheit von Kindern in der digitalen Welt) besch\u00e4ftige ich mich mit der Rolle der digitalen Medien im Alltag <a class=\"more-link\" href=\"https:\/\/www.claudia-lampert.de\/?page_id=10\">Weiterlesen\u00a0\u2026<\/a><\/p>\n","protected":false},"author":1,"featured_media":0,"parent":0,"menu_order":7,"comment_status":"closed","ping_status":"closed","template":"","meta":[],"yoast_head":"<!-- This site is optimized with the Yoast SEO plugin v20.12 - https:\/\/yoast.com\/wordpress\/plugins\/seo\/ -->\n<title>\u00dcber mich - Claudia Lampert<\/title>\n<meta name=\"robots\" content=\"index, follow, max-snippet:-1, max-image-preview:large, max-video-preview:-1\" \/>\n<link rel=\"canonical\" href=\"https:\/\/www.claudia-lampert.de\/?page_id=10\" \/>\n<meta property=\"og:locale\" content=\"de_DE\" \/>\n<meta property=\"og:type\" content=\"article\" \/>\n<meta property=\"og:title\" content=\"\u00dcber mich - Claudia Lampert\" \/>\n<meta property=\"og:description\" content=\"Ich arbeite als Senior Researcher am Leibniz-Institut f\u00fcr Medienforschung | Hans-Bredow-Institut (HBI) in Hamburg. Einer meiner Forschungsschwerpunkte liegt im Bereich der Mediensozialisation und Medienp\u00e4dagogik. In verschiedenen Projekten (z. B. \u00a0EU Kids Online,\u00a0Sozialisation in einer sich wandelnden Medienumgebung, SIKID-Sicherheit von Kindern in der digitalen Welt) besch\u00e4ftige ich mich mit der Rolle der digitalen Medien im Alltag Weiterlesen\u00a0\u2026\" \/>\n<meta property=\"og:url\" content=\"https:\/\/www.claudia-lampert.de\/?page_id=10\" \/>\n<meta property=\"og:site_name\" content=\"Claudia Lampert\" \/>\n<meta property=\"article:modified_time\" content=\"2025-11-21T08:48:12+00:00\" \/>\n<meta property=\"og:image\" content=\"https:\/\/www.claudia-lampert.de\/wp-content\/uploads\/2023\/09\/CL-1024x399.jpg\" \/>\n<meta name=\"twitter:card\" content=\"summary_large_image\" \/>\n<meta name=\"twitter:label1\" content=\"Gesch\u00e4tzte Lesezeit\" \/>\n\t<meta name=\"twitter:data1\" content=\"2\u00a0Minuten\" \/>\n<script type=\"application\/ld+json\" class=\"yoast-schema-graph\">{\"@context\":\"https:\/\/schema.org\",\"@graph\":[{\"@type\":\"WebPage\",\"@id\":\"https:\/\/www.claudia-lampert.de\/?page_id=10\",\"url\":\"https:\/\/www.claudia-lampert.de\/?page_id=10\",\"name\":\"\u00dcber mich - Claudia Lampert\",\"isPartOf\":{\"@id\":\"https:\/\/www.claudia-lampert.de\/#website\"},\"datePublished\":\"2010-01-10T19:25:18+00:00\",\"dateModified\":\"2025-11-21T08:48:12+00:00\",\"breadcrumb\":{\"@id\":\"https:\/\/www.claudia-lampert.de\/?page_id=10#breadcrumb\"},\"inLanguage\":\"de\",\"potentialAction\":[{\"@type\":\"ReadAction\",\"target\":[\"https:\/\/www.claudia-lampert.de\/?page_id=10\"]}]},{\"@type\":\"BreadcrumbList\",\"@id\":\"https:\/\/www.claudia-lampert.de\/?page_id=10#breadcrumb\",\"itemListElement\":[{\"@type\":\"ListItem\",\"position\":1,\"name\":\"Startseite\",\"item\":\"https:\/\/www.claudia-lampert.de\/\"},{\"@type\":\"ListItem\",\"position\":2,\"name\":\"\u00dcber mich\"}]},{\"@type\":\"WebSite\",\"@id\":\"https:\/\/www.claudia-lampert.de\/#website\",\"url\":\"https:\/\/www.claudia-lampert.de\/\",\"name\":\"Claudia Lampert\",\"description\":\"\",\"publisher\":{\"@id\":\"https:\/\/www.claudia-lampert.de\/#\/schema\/person\/d9a1e59b876efa33489dac1efc9bc1da\"},\"potentialAction\":[{\"@type\":\"SearchAction\",\"target\":{\"@type\":\"EntryPoint\",\"urlTemplate\":\"https:\/\/www.claudia-lampert.de\/?s={search_term_string}\"},\"query-input\":\"required name=search_term_string\"}],\"inLanguage\":\"de\"},{\"@type\":[\"Person\",\"Organization\"],\"@id\":\"https:\/\/www.claudia-lampert.de\/#\/schema\/person\/d9a1e59b876efa33489dac1efc9bc1da\",\"name\":\"CL\",\"image\":{\"@type\":\"ImageObject\",\"inLanguage\":\"de\",\"@id\":\"https:\/\/www.claudia-lampert.de\/#\/schema\/person\/image\/\",\"url\":\"https:\/\/www.claudia-lampert.de\/wp-content\/uploads\/2020\/04\/logo_cl-scaled.jpg\",\"contentUrl\":\"https:\/\/www.claudia-lampert.de\/wp-content\/uploads\/2020\/04\/logo_cl-scaled.jpg\",\"width\":2414,\"height\":2560,\"caption\":\"CL\"},\"logo\":{\"@id\":\"https:\/\/www.claudia-lampert.de\/#\/schema\/person\/image\/\"}}]}<\/script>\n<!-- \/ Yoast SEO plugin. -->","yoast_head_json":{"title":"\u00dcber mich - Claudia Lampert","robots":{"index":"index","follow":"follow","max-snippet":"max-snippet:-1","max-image-preview":"max-image-preview:large","max-video-preview":"max-video-preview:-1"},"canonical":"https:\/\/www.claudia-lampert.de\/?page_id=10","og_locale":"de_DE","og_type":"article","og_title":"\u00dcber mich - Claudia Lampert","og_description":"Ich arbeite als Senior Researcher am Leibniz-Institut f\u00fcr Medienforschung | Hans-Bredow-Institut (HBI) in Hamburg. Einer meiner Forschungsschwerpunkte liegt im Bereich der Mediensozialisation und Medienp\u00e4dagogik. In verschiedenen Projekten (z. B. \u00a0EU Kids Online,\u00a0Sozialisation in einer sich wandelnden Medienumgebung, SIKID-Sicherheit von Kindern in der digitalen Welt) besch\u00e4ftige ich mich mit der Rolle der digitalen Medien im Alltag Weiterlesen\u00a0\u2026","og_url":"https:\/\/www.claudia-lampert.de\/?page_id=10","og_site_name":"Claudia Lampert","article_modified_time":"2025-11-21T08:48:12+00:00","og_image":[{"url":"https:\/\/www.claudia-lampert.de\/wp-content\/uploads\/2023\/09\/CL-1024x399.jpg"}],"twitter_card":"summary_large_image","twitter_misc":{"Gesch\u00e4tzte Lesezeit":"2\u00a0Minuten"},"schema":{"@context":"https:\/\/schema.org","@graph":[{"@type":"WebPage","@id":"https:\/\/www.claudia-lampert.de\/?page_id=10","url":"https:\/\/www.claudia-lampert.de\/?page_id=10","name":"\u00dcber mich - Claudia Lampert","isPartOf":{"@id":"https:\/\/www.claudia-lampert.de\/#website"},"datePublished":"2010-01-10T19:25:18+00:00","dateModified":"2025-11-21T08:48:12+00:00","breadcrumb":{"@id":"https:\/\/www.claudia-lampert.de\/?page_id=10#breadcrumb"},"inLanguage":"de","potentialAction":[{"@type":"ReadAction","target":["https:\/\/www.claudia-lampert.de\/?page_id=10"]}]},{"@type":"BreadcrumbList","@id":"https:\/\/www.claudia-lampert.de\/?page_id=10#breadcrumb","itemListElement":[{"@type":"ListItem","position":1,"name":"Startseite","item":"https:\/\/www.claudia-lampert.de\/"},{"@type":"ListItem","position":2,"name":"\u00dcber mich"}]},{"@type":"WebSite","@id":"https:\/\/www.claudia-lampert.de\/#website","url":"https:\/\/www.claudia-lampert.de\/","name":"Claudia Lampert","description":"","publisher":{"@id":"https:\/\/www.claudia-lampert.de\/#\/schema\/person\/d9a1e59b876efa33489dac1efc9bc1da"},"potentialAction":[{"@type":"SearchAction","target":{"@type":"EntryPoint","urlTemplate":"https:\/\/www.claudia-lampert.de\/?s={search_term_string}"},"query-input":"required name=search_term_string"}],"inLanguage":"de"},{"@type":["Person","Organization"],"@id":"https:\/\/www.claudia-lampert.de\/#\/schema\/person\/d9a1e59b876efa33489dac1efc9bc1da","name":"CL","image":{"@type":"ImageObject","inLanguage":"de","@id":"https:\/\/www.claudia-lampert.de\/#\/schema\/person\/image\/","url":"https:\/\/www.claudia-lampert.de\/wp-content\/uploads\/2020\/04\/logo_cl-scaled.jpg","contentUrl":"https:\/\/www.claudia-lampert.de\/wp-content\/uploads\/2020\/04\/logo_cl-scaled.jpg","width":2414,"height":2560,"caption":"CL"},"logo":{"@id":"https:\/\/www.claudia-lampert.de\/#\/schema\/person\/image\/"}}]}},"_links":{"self":[{"href":"https:\/\/www.claudia-lampert.de\/index.php?rest_route=\/wp\/v2\/pages\/10"}],"collection":[{"href":"https:\/\/www.claudia-lampert.de\/index.php?rest_route=\/wp\/v2\/pages"}],"about":[{"href":"https:\/\/www.claudia-lampert.de\/index.php?rest_route=\/wp\/v2\/types\/page"}],"author":[{"embeddable":true,"href":"https:\/\/www.claudia-lampert.de\/index.php?rest_route=\/wp\/v2\/users\/1"}],"replies":[{"embeddable":true,"href":"https:\/\/www.claudia-lampert.de\/index.php?rest_route=%2Fwp%2Fv2%2Fcomments&post=10"}],"version-history":[{"count":45,"href":"https:\/\/www.claudia-lampert.de\/index.php?rest_route=\/wp\/v2\/pages\/10\/revisions"}],"predecessor-version":[{"id":1813,"href":"https:\/\/www.claudia-lampert.de\/index.php?rest_route=\/wp\/v2\/pages\/10\/revisions\/1813"}],"wp:attachment":[{"href":"https:\/\/www.claudia-lampert.de\/index.php?rest_route=%2Fwp%2Fv2%2Fmedia&parent=10"}],"curies":[{"name":"wp","href":"https:\/\/api.w.org\/{rel}","templated":true}]}}

Über mich

<figure class="wp-block-image size-large"><a href="https://www.claudia-lampert.de/wp-content/uploads/2023/09/CL.jpg"><img decoding="async" loading="lazy" width="1024" height="399" src="https://www.claudia-lampert.de/wp-content/uploads/2023/09/CL-1024x399.jpg" alt="" class="wp-image-1496" srcset="https://www.claudia-lampert.de/wp-content/uploads/2023/09/CL-1024x399.jpg 1024w, https://www.claudia-lampert.de/wp-content/uploads/2023/09/CL-300x117.jpg 300w, https://www.claudia-lampert.de/wp-content/uploads/2023/09/CL-768x299.jpg 768w, https://www.claudia-lampert.de/wp-content/uploads/2023/09/CL-1536x599.jpg 1536w, https://www.claudia-lampert.de/wp-content/uploads/2023/09/CL.jpg 1814w" sizes="(max-width: 1024px) 100vw, 1024px" /></a></figure>



<p>Ich arbeite als <a href="https://www.hans-bredow-institut.de/de/mitarbeiter/claudia-lampert" target="_blank" rel="noreferrer noopener">Senior Researcher am Leibniz-Institut für Medienforschung | Hans-Bredow-Institut (HBI)</a> in Hamburg. Einer meiner Forschungsschwerpunkte liegt im Bereich der Mediensozialisation und Medienpädagogik. In verschiedenen Projekten (z. B.  <a href="http://www.eukidsonline.de/" target="_blank" rel="noreferrer noopener">EU Kids Online</a>, <a href="https://www.hans-bredow-institut.de/de/projekte/sozialisation-in-einer-sich-wandelnden-medienumgebung">Sozialisation in einer sich wandelnden Medienumgebung, </a><a href="https://www.hans-bredow-institut.de/de/projekte/sicherheit-fuer-kinder-in-der-digitalen-welt">S</a><a href="https://www.hans-bredow-institut.de/de/projekte/sozialisation-in-einer-sich-wandelnden-medienumgebung">IKID-Sicherheit von Kindern in der digitalen Welt) </a>beschäftige ich mich mit der Rolle der digitalen Medien im Alltag von Kindern und Jugendlichen und den Herausforderungen für ein gesundes Aufwachsen mit Medien.<br>Darüber hinaus interessiere ich mich für den Themenbereich der medienbezogenen Gesundheitskommunikation, insbesondere für die Potenziale und Grenzen von (digitalen) Unterhaltungsmedien für die Gesundheitsförderung. Gemeinsam mit zwei anderen Kolleginnen habe ich 2003 das <a href="http://www.netzwerk-gesundheitskommunikation.de/" target="_blank" rel="noreferrer noopener">Netzwerk Medien und Gesundheitskommunikation</a> ins Leben gerufen, das sich für einen transdisziplinären Austausch über medial vermittelte Gesundheitskommunikation engagiert. </p>



<p><strong>Disziplinen</strong></p>



<ul>
<li>Kommunikations- und Medienwissenschaft</li>



<li>Erziehungswissenschaft</li>
</ul>



<p><strong>Interessen &amp; Kompetenzen</strong></p>



<p>Kinder und Medien, Mediensozialisation, Medienpädagogik, Medienkompetenz<br>Gesundheitskommunikation, Gesundheitsinformationsverhalten, Entertainment-Education, Serious Games (for Health)</p>



<div style="height:30px" aria-hidden="true" class="wp-block-spacer"></div>



<h2 class="wp-block-heading">About</h2>



<p>I&#8217;m a <a href="https://www.hans-bredow-institut.de/en/staff/claudia-lampert" target="_blank" rel="noreferrer noopener">Senior Researcher at the Leibniz Institute for Media Research | Hans-Bredow-Institut (HBI)</a> in Hamburg. One of my particular research interests and emphases is in the area of media socialisation and media-education. In various projects (<a href="http://www.eukidsonline.de/" target="_blank" rel="noreferrer noopener">EU Kids Online</a>, <a href="https://www.hans-bredow-institut.de/de/projekte/sozialisation-in-einer-sich-wandelnden-medienumgebung">Socialisation in a Changing Media Environment, </a><a href="https://www.hans-bredow-institut.de/de/projekte/sicherheit-fuer-kinder-in-der-digitalen-welt">S</a><a href="https://www.hans-bredow-institut.de/de/projekte/sozialisation-in-einer-sich-wandelnden-medienumgebung">IKID &#8211; Safety of Children in a Digital World</a>), I&#8217;m working on the role of digital media in the everyday lives of children and adolescents challenges for a healthy growing up with media. <br>Furthermore, I&#8217;m interested in the subject area of media-related health communication, especially in the potentials and limitations of (digital) entertainment media for health promotion. With two other colleagues, I founded the German <a href="https://netzwerk-gesundheitskommunikation.de/">Network Media and Health Communication</a>, which has been engaged in a transdisciplinary exchange on media-mediated health communication since 2003.</p>



<p><strong>Disciplines</strong></p>



<ul>
<li>Communication and Media</li>



<li>Educational Sciences</li>
</ul>



<p><strong>Interests &amp; Expertise</strong></p>



<p>children and media, media socialisation, media education, media literacy,<br>health communication, health information seeking, entertainment-education, serious games (for health),</p>

<p>Ich arbeite als Senior Researcher am Leibniz-Institut für Medienforschung | Hans-Bredow-Institut (HBI) in Hamburg. Einer meiner Forschungsschwerpunkte liegt im Bereich der Mediensozialisation und Medienpädagogik. In verschiedenen Projekten (z. B.  EU Kids Online, Sozialisation in einer sich wandelnden Medienumgebung, SIKID-Sicherheit von Kindern in der digitalen Welt) beschäftige ich mich mit der Rolle der digitalen Medien im Alltag <a class="more-link" href="https://www.claudia-lampert.de/?page_id=10">Weiterlesen …</a></p>

<!-- This site is optimized with the Yoast SEO plugin v20.12 - https://yoast.com/wordpress/plugins/seo/ -->
<title>Über mich - Claudia Lampert</title>
<meta name="robots" content="index, follow, max-snippet:-1, max-image-preview:large, max-video-preview:-1" />
<link rel="canonical" href="https://www.claudia-lampert.de/?page_id=10" />
<meta property="og:locale" content="de_DE" />
<meta property="og:type" content="article" />
<meta property="og:title" content="Über mich - Claudia Lampert" />
<meta property="og:description" content="Ich arbeite als Senior Researcher am Leibniz-Institut für Medienforschung | Hans-Bredow-Institut (HBI) in Hamburg. Einer meiner Forschungsschwerpunkte liegt im Bereich der Mediensozialisation und Medienpädagogik. In verschiedenen Projekten (z. B.  EU Kids Online, Sozialisation in einer sich wandelnden Medienumgebung, SIKID-Sicherheit von Kindern in der digitalen Welt) beschäftige ich mich mit der Rolle der digitalen Medien im Alltag Weiterlesen …" />
<meta property="og:url" content="https://www.claudia-lampert.de/?page_id=10" />
<meta property="og:site_name" content="Claudia Lampert" />
<meta property="article:modified_time" content="2025-11-21T08:48:12+00:00" />
<meta property="og:image" content="https://www.claudia-lampert.de/wp-content/uploads/2023/09/CL-1024x399.jpg" />
<meta name="twitter:card" content="summary_large_image" />
<meta name="twitter:label1" content="Geschätzte Lesezeit" />
	<meta name="twitter:data1" content="2 Minuten" />
<script type="application/ld+json" class="yoast-schema-graph">{"@context":"https://schema.org","@graph":[{"@type":"WebPage","@id":"https://www.claudia-lampert.de/?page_id=10","url":"https://www.claudia-lampert.de/?page_id=10","name":"Über mich - Claudia Lampert","isPartOf":{"@id":"https://www.claudia-lampert.de/#website"},"datePublished":"2010-01-10T19:25:18+00:00","dateModified":"2025-11-21T08:48:12+00:00","breadcrumb":{"@id":"https://www.claudia-lampert.de/?page_id=10#breadcrumb"},"inLanguage":"de","potentialAction":[{"@type":"ReadAction","target":["https://www.claudia-lampert.de/?page_id=10"]}]},{"@type":"BreadcrumbList","@id":"https://www.claudia-lampert.de/?page_id=10#breadcrumb","itemListElement":[{"@type":"ListItem","position":1,"name":"Startseite","item":"https://www.claudia-lampert.de/"},{"@type":"ListItem","position":2,"name":"Über mich"}]},{"@type":"WebSite","@id":"https://www.claudia-lampert.de/#website","url":"https://www.claudia-lampert.de/","name":"Claudia Lampert","description":"","publisher":{"@id":"https://www.claudia-lampert.de/#/schema/person/d9a1e59b876efa33489dac1efc9bc1da"},"potentialAction":[{"@type":"SearchAction","target":{"@type":"EntryPoint","urlTemplate":"https://www.claudia-lampert.de/?s={search_term_string}"},"query-input":"required name=search_term_string"}],"inLanguage":"de"},{"@type":["Person","Organization"],"@id":"https://www.claudia-lampert.de/#/schema/person/d9a1e59b876efa33489dac1efc9bc1da","name":"CL","image":{"@type":"ImageObject","inLanguage":"de","@id":"https://www.claudia-lampert.de/#/schema/person/image/","url":"https://www.claudia-lampert.de/wp-content/uploads/2020/04/logo_cl-scaled.jpg","contentUrl":"https://www.claudia-lampert.de/wp-content/uploads/2020/04/logo_cl-scaled.jpg","width":2414,"height":2560,"caption":"CL"},"logo":{"@id":"https://www.claudia-lampert.de/#/schema/person/image/"}}]}</script>
<!-- / Yoast SEO plugin. -->

Über mich - Claudia Lampert

Ich arbeite als Senior Researcher am Leibniz-Institut für Medienforschung | Hans-Bredow-Institut (HBI) in Hamburg. Einer meiner Forschungsschwerpunkte liegt im Bereich der Mediensozialisation und Medienpädagogik. In verschiedenen Projekten (z. B.  EU Kids Online, Sozialisation in einer sich wandelnden Medienumgebung, SIKID-Sicherheit von Kindern in der digitalen Welt) beschäftige ich mich mit der Rolle der digitalen Medien im Alltag Weiterlesen …
