{"id":124,"date":"2010-04-07T19:14:53","date_gmt":"2010-04-07T19:14:53","guid":{"rendered":"http:\/\/www.claudia-lampert.de\/?page_id=124"},"modified":"2023-08-01T09:00:24","modified_gmt":"2023-08-01T09:00:24","slug":"altere-vortrage","status":"publish","type":"page","link":"https:\/\/www.claudia-lampert.de\/?page_id=124","title":{"rendered":"\u00c4ltere Vortr\u00e4ge"},"content":{"rendered":"<div>\n<div>\n<div>\n<div>\n<p><strong>2009<\/strong><\/p>\n<p>&#8222;Erreichbarkeit von HIV-Patienten \u00fcber die verschiedenen Medien bzw. der Nutzen dieser Medien f\u00fcr die Pr\u00e4vention&#8220;, Vortrag von C. Lampert im Rahmen des 3. Workshops der \u00c4rztekammer Mecklenburg-Vorpommern zum Thema &#8222;HIV-Pr\u00e4vention &#8211; Die &#8218;Unwissentlich HIV-Infizierten&#8216; und die damit verbundenen Risiken&#8220; am 5. Dezember 2009 in Rostock.<\/p>\n<\/div>\n<\/div>\n<div>\n<div>\n<p>&#8222;EU Kids Online &#8211; Ergebnisse eines europ\u00e4ischen Forschungsverbundes&#8220;, Vortrag von U. Hasebrink und C. Lampert im Rahmen des Medienforums NRW am 24. Juni 2009 in K\u00f6ln.<\/p>\n<\/div>\n<\/div>\n<div>\n<div>\n<p>&#8222;Social Network Sites &#8211; Challenges for Media Literacy&#8220;, Vortrag von I. Paus-Hasebrink, C. Lampert und U. Hasebrink im Rahmen der EU Kids Online Conference am 11. Juni 2009 in London.<\/p>\n<\/div>\n<\/div>\n<div>\n<div>\n<p>&#8222;Sch\u00fcler und neue Medien. Chancen und Risiken&#8220;, Vortrag von C. Lampert an der Sophie-Barat-Schule in Hamburg am 6. Mai 2009 (gemeinsam mit Robert Oehlmann).<\/p>\n<\/div>\n<\/div>\n<div>\n<div>\n<p>&#8222;Wenn ich nach Hause komme, gehe ich erst einmal ins Internet. Chancen und Risiken der Onlinenutzung als Herausforderungen f\u00fcr die Schule&#8220;, Vortrag von C. Lampert im Rahmen der Tagung &#8222;Das Ende der Kreidezeit. Ne(x)t Generation learning&#8220; am Landesinstitut f\u00fcr Lehrerbildung und Schulentwicklung (LI) am 17. Mai 2009 in Hamburg.<\/p>\n<\/div>\n<\/div>\n<p>\u201eOrientierungen und Hilfestellungen im Umgang mit den Medien\u201c, Vortrag von C. Lampert im Rahmen der Veranstaltung \u201eMitsurfen statt verbieten \u2013 Familien in der Welt der neuen Medien\u201c der Katholischen Akademie und des NDR am 4. Februar 2009 in Hamburg.<\/p>\n<p><strong>2008<\/strong><\/p>\n<p>\u201eSoziale Beziehungen im Netz\u201c, Vortrag von C. Lampert im Rahmen der 14. Fachtagung Medienp\u00e4dagogik zum Thema \u201e1-2-3 ins Netz gegangen \u2013 Wie medienkompetent bewegen sich Heranwachsende in Online-Gemeinschaften?\u201c am 26. November 2008 in M\u00fcnchen.<\/p>\n<\/div>\n<\/div>\n<div>\n<div>\n<p>\u201eFaszination Computerspiele: Was wissen wir und was k\u00f6nnen wir tun?\u201c, Seminarleitung und Vortrag von C. Lampert im Rahmen des Jahrestagung der Deutschen Hauptstelle f\u00fcr Suchtfragen (DHS) am 11. November 2008 in Bielefeld (gemeinsam mit M. Gro\u00dfe-Loheide und J. Sleegers).<\/p>\n<\/div>\n<\/div>\n<div>\n<div>\n<p>\u201eWas machen die anderen? Onlinenutzung von Kindern im europ\u00e4ischen Vergleich\u201c, Vortrag von C. Lampert und U. Hasebrink im Rahmen der Tagung \u201eMit der Welt vernetzt. Kinder und Jugendliche in virtuellen Erfahrungsr\u00e4umen\u201c am 9. und 10. Oktober 2008 in Berlin.<\/p>\n<\/div>\n<\/div>\n<div>\n<div>\n<p>\u201eExzessive Computerspielenutzung &#8211; Was l\u00e4sst sich pr\u00e4ventiv tun?\u201c, Vortrag von C. Lampert im Rahmen der Jahrestagung des Fachausschusses Suchtpr\u00e4vention \u201eEnter \u2013 Control \u2013 Escape\u201c am 1. November 2008 in Hamburg (gemeinsam mit Mike Gro\u00dfe-Loheide).<\/p>\n<\/div>\n<\/div>\n<div>\n<div>\n<p>\u201eWenn der Personal Trainer nach Hause kommt. Potentiale unterhaltsamer Kommunikationsstrategien\u201c, Vortrag im Rahmen des Kongresses \u201eKrankenkassen 2009\u201c am 26. September 2008 in M\u00fcnster.<\/p>\n<\/div>\n<\/div>\n<div>\n<div>\n<p>\u201eAndere L\u00e4nder, andere Risiken? Was l\u00e4sst sich aus europ\u00e4ischen Erfahrungen lernen? Vortrag von U. Hasebrink und C. Lampert am 9. Juli 2008 in Hamburg.<\/p>\n<\/div>\n<\/div>\n<div>\n<div>\n<p>\u201eEntertainment-Education. Unterhaltsame Bildung oder bildende Unterhaltung?\u201c, Vortrag im Rahmen des Th\u00fcringer Mediensymposiums \u201eJugendmedienschutz 2.0\u201c am 11. April 2008 in Erfurt.<\/p>\n<\/div>\n<\/div>\n<div>\n<div>\n<p>\u201eSpannung, Spa\u00df und spielerisches Lernen. Welche M\u00f6glichkeiten bieten mediale Unterhaltungsangebote?\u201c, Vortrag auf dem Media Space Symposium im Rahmen des 21. Stuttgarter Filmwinters am 19. Januar 2008 in Stuttgart.<\/p>\n<\/div>\n<\/div>\n<p><strong>2007<\/strong><\/p>\n<p>Haltlos !? Jugendliche im Spannungsfeld Medien \u2013 Sucht \u2013 Gewalt. Vortrag an der Gesamtschule Waldd\u00f6rfer (gemeinsam mit Volker Wegener vom Landesinstitut f\u00fcr Lehrerbildung und Schulentwicklung, LI) am 8.11.2007<\/p>\n<p>\u201ePubert\u00e4t, Kommunikation, Idole\u201c, Vortrag am Gymnasium Twistringen am 6.11.2007 in Twistringen.<\/p>\n<p>\u201eChancen und Grenzen der Onlinenutzung von Kindern und Jugendlichen in Deutschland und Europa. Forschungsstand und Perspektiven\u201c, Vortrag von C. Lampert und U. Hasebrink beim gleichnamigen Experten-Workshop am 21. September 2007 in Hamburg.<\/p>\n<p>\u201eMarken als multimediales Brandzeichen?\u201c Vortrag im Rahmen der Veranstaltung \u201eGrenzenloses Werben. Crossmediale Markenstrategien als Herausforderung f\u00fcr den Jugendschutz\u201c am 25.5.2007 in Berlin.<\/p>\n<p>Faszinierend verf\u00fchrerisch. Medien in den Lebenswelten von Kindern. Vortrag im Rahmen der Reihe nachgedacht \u2013 Geisteswissenschaften in Hamburg am 23.4.2007 in Hamburg (gemeinsam mit Prof. Dr. Uwe Hasebrink)<\/p>\n<p>\u201eMedienverwahrlosung \u2013 eine Herausforderung f\u00fcr die Medienp\u00e4dagogik\u201c, Workshop im Rahmen der Fachtagung \u201eBeam me up, Scotty. Digitale Lebenswelten &amp; Impulse f\u00fcr die Schulwirklichkeit\u201c des Landesinstituts f\u00fcr Lehrerbildung und Schulentwicklung am 14.4.2007 in Hamburg.<\/p>\n<p><strong>2006<\/strong><\/p>\n<p>\u201eKinder und Internet in Deutschland\u201c Vortrag im Rahmen des Tagung der DGPuK-Fachgruppe Medienp\u00e4dagogik am 20.10.2006 in Salzburg.<\/p>\n<p>\u201eHow children use media brands to cope with everyday life\u201c Vortrag im Rahmen der ICA-Tagung am 21.6.2006 in Dresden (gemeinsam mit Prof. Dr. Ingrid Paus-Hasebrink).<\/p>\n<p>\u201eEntertainment-Education Theory and Research: An Overview\u201c Vortrag im Rahmen der ICA-Tagung am 20.6.2006 in Dresden.<\/p>\n<p>\u201eBildung aus medienp\u00e4dagogischer Perspektive\u201c, Vortrag im Rahmen der Ringvorlesung \u201eBildung und Medien\u201c am Fachbereich Erziehungswissenschaft der Universit\u00e4t Hamburg am 18.4.2006.<\/p>\n<p><strong>2005<\/strong><\/p>\n<p>\u201eAlkohol im Fernsehen\u201c Vortrag im Rahmen der Tagung \u201eWerbung f\u00fcr Alkohol und Zigaretten \u2013 eine Gefahr f\u00fcr Kinder und Jugendliche\u201c der Landesstelle Jugendschutz Niedersachsen am 8.11.2005 in Hannover.<\/p>\n<p>\u201eDie Dosis macht das Gift. Wenn Gesundheitsthemen zum Problem werden\u201c Vortrag im Rahmen der Jahrestagung der DGPuK-Fachgruppe Medienp\u00e4dagogik am 21. und 22.10.2005 in M\u00fcnchen.<\/p>\n<p>\u201eZwischen Information und Entertainment \u2013 Suchtpr\u00e4vention in und mit Medien\u201c. Impulsvortrag im Rahmen der Jahrestagung des Fachausschusses Suchtpr\u00e4vention am 7.9.2005 in Hamburg.<\/p>\n<p>\u201eZur Bedeutung von Medienmarken im Alltag von Kindern\u201c. Vortrag im Rahmen des Forums Medienp\u00e4dagogik am 29.4.05 in Gera.<\/p>\n<p>\u201eMultimediale Verwertung von Markenzeichen f\u00fcr Kinder und das Medien- und Konsumverhalten 6- bis 13-J\u00e4hriger\u201c. Vortrag im Rahmen der Ringvorlesung &#8222;Mediengesellschaft &#8211; Medienkultur des Zentrums f\u00fcr Medienkommunikation (ZfM) der Universit\u00e4t Hamburg am 5.1.2005 (gemeinsam mit Ingrid Paus-Hasebrink und Uwe Hasebrink).<\/p>\n<p><strong>2004<\/strong><\/p>\n<p>\u201eAlkohol \u2013 Fernsehen \u2013 Jugendliche\u201c. Vortrag im Rahmen des 5. Medizinethik-Filmtages zum Thema \u201eAlkohol im Film \u2013 Darstellung und Wirkung\u201c am 22.11.2004 in Frankfurt (gemeinsam mit Mike Gro\u00dfe-Loheide vom B\u00fcro f\u00fcr Suchtpr\u00e4vention)<\/p>\n<p>\u201eMediale Gesundheitskommunikation praktisch fruchtbar machen \u2013 Beispiel Alkohol im Fernsehen und Gesundheitsf\u00f6rderungsstrategien f\u00fcr Jugendliche\u201c im Rahmen der Tagung \u201eGesundheit in den Medien \u2013 Impulse f\u00fcr die Praxis der Gesundheitskommunikation\u201c am 19.10.2004 in Hannover (gemeinsam mit Mike Gro\u00dfe-Loheide vom B\u00fcro f\u00fcr Suchtpr\u00e4vention)<\/p>\n<p>\u201eLifestyle, Party, gute Laune \u2013 Rolle, Einfluss und Verantwortung der Medien\u201c. Statement im Rahmen einer Round-Table-Session auf der Tagung \u201eAlcopops und Cannabis\u201c des Fachausschusses Suchtpr\u00e4vention am 29.9.2004 in Hamburg.<\/p>\n<p>\u201eMythos Medienkindheit? Crossmediale Vermarktungsstrategien und ihre Bedeutung im Alltag von Kindern\u201c, Organisation und Moderation eines Panels bei der Jahrestagung der DGPuK am 20. Mai 2004 in Erfurt.<\/p>\n<p>\u201eMedienmarken und Lebenswelten von Kindern\u201c, Vortrag bei der Veranstaltung \u201eMedienkindheit \u2013 Markenkindheit. Untersuchungen zur multimedialen Gestaltung von Markenzeichen f\u00fcr Kinder\u201c am 26. Mai 2004 in Frankfurt.<\/p>\n<p><strong>2003<\/strong><\/p>\n<p>\u201eGesundheitskommunikation durch Entertainment Education. Zur Wahrnehmung und Bewertung von gesundheitsrelevanten Botschaften im Kontext von Unterhaltungsangeboten\u201c, Vortrag im Rahmen der Fachtagung \u201eMedien und Gesundheitskommunikation\u201c am 24. und 25.10.2003 in Loccum.<\/p>\n<p>\u201eHat sich die Rezeption unserer Kernzielgruppe ver\u00e4ndert? Was erwarten die Kinder von ihren TV-Programmen?\u201c, Vortrag im Rahmen eines Workshops des NDR zur Sesamstra\u00dfe am 30. April 2003 in Hamburg.<\/p>\n<p><strong>2002<\/strong><\/p>\n<p>\u201eInternationale Entwicklungen im Jugendmedienschutz\u201c, Vortrag im Rahmen der Pr\u00e4sentation des Jugendschutzberichts 2000\/2001 der DLM und der GSJP am 28.2.2002 in M\u00fcnchen.<\/p>\n<p>\u201eMedienp\u00e4dagogik und Suchtpr\u00e4vention in Forschung und Praxis\u201c, Statement im Rahmen des Medienkongresses Hamburg 2002 zum Thema \u201eInformation \u2013 Wissen \u2013 Bildung: Netzwerke in der Informationsgesellschaft\u201c vom 30.9.-2.10.2002.<\/p>\n<p><strong>2001<\/strong><\/p>\n<p>\u201eSesamstra\u00dfe contra Teletubbies \u2013 Wie viel Medienkonsum vertr\u00e4gt die nachwachsende Generation\u201c Vortrag und Workshop im Rahmen der Veranstaltung des Deutschen Journalistenverbandes \u201eFrau Macht Medien \u2013 Journalistinnen als W\u00e4chterinnen der Demokratie\u201c am 10. und 11. M\u00e4rz 2001 in Bonn.<\/p>\n<p><strong>2000 <\/strong><\/p>\n<p>\u201eZur Verwendung qualitativer verbaler und nonverbaler Methoden am Beispiel einer Untersuchung mit Vorschulkindern zum Thema Werbung\u201c. Vortrag im Rahmen der Jahrestagung der Deutschen Gesellschaft f\u00fcr Publizistik- und Kommunikationswissenschaft vom 31.5. bis 2.6.2000 in Wien.<\/p>\n<p>\u201eAlkohol im Fernsehen und wie Jugendliche damit umgehen\u201c. Vortrag im Rahmen der Fachtagung \u201eAuf dem Weg in eine Wissensgesellschaft? Was bedeutet das f\u00fcr die Sozialisation von Kindern und Jugendlichen\u201c der Fachgruppe Medienp\u00e4dagogik der DGPuK am 20.10.2000.<\/p>\n","protected":false},"excerpt":{"rendered":"<p>2009 &#8222;Erreichbarkeit von HIV-Patienten \u00fcber die verschiedenen Medien bzw. der Nutzen dieser Medien f\u00fcr die Pr\u00e4vention&#8220;, Vortrag von C. Lampert im Rahmen des 3. Workshops der \u00c4rztekammer Mecklenburg-Vorpommern zum Thema &#8222;HIV-Pr\u00e4vention &#8211; Die &#8218;Unwissentlich HIV-Infizierten&#8216; und die damit verbundenen Risiken&#8220; am 5. Dezember 2009 in Rostock. &#8222;EU Kids Online &#8211; Ergebnisse eines europ\u00e4ischen Forschungsverbundes&#8220;, Vortrag <a class=\"more-link\" href=\"https:\/\/www.claudia-lampert.de\/?page_id=124\">Weiterlesen\u00a0\u2026<\/a><\/p>\n","protected":false},"author":1,"featured_media":0,"parent":28,"menu_order":13,"comment_status":"closed","ping_status":"closed","template":"","meta":[],"yoast_head":"<!-- This site is optimized with the Yoast SEO plugin v20.12 - https:\/\/yoast.com\/wordpress\/plugins\/seo\/ -->\n<title>\u00c4ltere Vortr\u00e4ge - Claudia Lampert<\/title>\n<meta name=\"robots\" content=\"index, follow, max-snippet:-1, max-image-preview:large, max-video-preview:-1\" \/>\n<link rel=\"canonical\" href=\"https:\/\/www.claudia-lampert.de\/?page_id=124\" \/>\n<meta property=\"og:locale\" content=\"de_DE\" \/>\n<meta property=\"og:type\" content=\"article\" \/>\n<meta property=\"og:title\" content=\"\u00c4ltere Vortr\u00e4ge - Claudia Lampert\" \/>\n<meta property=\"og:description\" content=\"2009 &#8222;Erreichbarkeit von HIV-Patienten \u00fcber die verschiedenen Medien bzw. der Nutzen dieser Medien f\u00fcr die Pr\u00e4vention&#8220;, Vortrag von C. Lampert im Rahmen des 3. Workshops der \u00c4rztekammer Mecklenburg-Vorpommern zum Thema &#8222;HIV-Pr\u00e4vention &#8211; Die &#8218;Unwissentlich HIV-Infizierten&#8216; und die damit verbundenen Risiken&#8220; am 5. Dezember 2009 in Rostock. &#8222;EU Kids Online &#8211; Ergebnisse eines europ\u00e4ischen Forschungsverbundes&#8220;, Vortrag Weiterlesen\u00a0\u2026\" \/>\n<meta property=\"og:url\" content=\"https:\/\/www.claudia-lampert.de\/?page_id=124\" \/>\n<meta property=\"og:site_name\" content=\"Claudia Lampert\" \/>\n<meta property=\"article:modified_time\" content=\"2023-08-01T09:00:24+00:00\" \/>\n<meta name=\"twitter:card\" content=\"summary_large_image\" \/>\n<meta name=\"twitter:label1\" content=\"Gesch\u00e4tzte Lesezeit\" \/>\n\t<meta name=\"twitter:data1\" content=\"7\u00a0Minuten\" \/>\n<script type=\"application\/ld+json\" class=\"yoast-schema-graph\">{\"@context\":\"https:\/\/schema.org\",\"@graph\":[{\"@type\":\"WebPage\",\"@id\":\"https:\/\/www.claudia-lampert.de\/?page_id=124\",\"url\":\"https:\/\/www.claudia-lampert.de\/?page_id=124\",\"name\":\"\u00c4ltere Vortr\u00e4ge - Claudia Lampert\",\"isPartOf\":{\"@id\":\"https:\/\/www.claudia-lampert.de\/#website\"},\"datePublished\":\"2010-04-07T19:14:53+00:00\",\"dateModified\":\"2023-08-01T09:00:24+00:00\",\"breadcrumb\":{\"@id\":\"https:\/\/www.claudia-lampert.de\/?page_id=124#breadcrumb\"},\"inLanguage\":\"de\",\"potentialAction\":[{\"@type\":\"ReadAction\",\"target\":[\"https:\/\/www.claudia-lampert.de\/?page_id=124\"]}]},{\"@type\":\"BreadcrumbList\",\"@id\":\"https:\/\/www.claudia-lampert.de\/?page_id=124#breadcrumb\",\"itemListElement\":[{\"@type\":\"ListItem\",\"position\":1,\"name\":\"Startseite\",\"item\":\"https:\/\/www.claudia-lampert.de\/\"},{\"@type\":\"ListItem\",\"position\":2,\"name\":\"Vorgetragenes\",\"item\":\"https:\/\/www.claudia-lampert.de\/?page_id=28\"},{\"@type\":\"ListItem\",\"position\":3,\"name\":\"\u00c4ltere Vortr\u00e4ge\"}]},{\"@type\":\"WebSite\",\"@id\":\"https:\/\/www.claudia-lampert.de\/#website\",\"url\":\"https:\/\/www.claudia-lampert.de\/\",\"name\":\"Claudia Lampert\",\"description\":\"\",\"publisher\":{\"@id\":\"https:\/\/www.claudia-lampert.de\/#\/schema\/person\/d9a1e59b876efa33489dac1efc9bc1da\"},\"potentialAction\":[{\"@type\":\"SearchAction\",\"target\":{\"@type\":\"EntryPoint\",\"urlTemplate\":\"https:\/\/www.claudia-lampert.de\/?s={search_term_string}\"},\"query-input\":\"required name=search_term_string\"}],\"inLanguage\":\"de\"},{\"@type\":[\"Person\",\"Organization\"],\"@id\":\"https:\/\/www.claudia-lampert.de\/#\/schema\/person\/d9a1e59b876efa33489dac1efc9bc1da\",\"name\":\"CL\",\"image\":{\"@type\":\"ImageObject\",\"inLanguage\":\"de\",\"@id\":\"https:\/\/www.claudia-lampert.de\/#\/schema\/person\/image\/\",\"url\":\"https:\/\/www.claudia-lampert.de\/wp-content\/uploads\/2020\/04\/logo_cl-scaled.jpg\",\"contentUrl\":\"https:\/\/www.claudia-lampert.de\/wp-content\/uploads\/2020\/04\/logo_cl-scaled.jpg\",\"width\":2414,\"height\":2560,\"caption\":\"CL\"},\"logo\":{\"@id\":\"https:\/\/www.claudia-lampert.de\/#\/schema\/person\/image\/\"}}]}<\/script>\n<!-- \/ Yoast SEO plugin. -->","yoast_head_json":{"title":"\u00c4ltere Vortr\u00e4ge - Claudia Lampert","robots":{"index":"index","follow":"follow","max-snippet":"max-snippet:-1","max-image-preview":"max-image-preview:large","max-video-preview":"max-video-preview:-1"},"canonical":"https:\/\/www.claudia-lampert.de\/?page_id=124","og_locale":"de_DE","og_type":"article","og_title":"\u00c4ltere Vortr\u00e4ge - Claudia Lampert","og_description":"2009 &#8222;Erreichbarkeit von HIV-Patienten \u00fcber die verschiedenen Medien bzw. der Nutzen dieser Medien f\u00fcr die Pr\u00e4vention&#8220;, Vortrag von C. Lampert im Rahmen des 3. Workshops der \u00c4rztekammer Mecklenburg-Vorpommern zum Thema &#8222;HIV-Pr\u00e4vention &#8211; Die &#8218;Unwissentlich HIV-Infizierten&#8216; und die damit verbundenen Risiken&#8220; am 5. Dezember 2009 in Rostock. &#8222;EU Kids Online &#8211; Ergebnisse eines europ\u00e4ischen Forschungsverbundes&#8220;, Vortrag Weiterlesen\u00a0\u2026","og_url":"https:\/\/www.claudia-lampert.de\/?page_id=124","og_site_name":"Claudia Lampert","article_modified_time":"2023-08-01T09:00:24+00:00","twitter_card":"summary_large_image","twitter_misc":{"Gesch\u00e4tzte Lesezeit":"7\u00a0Minuten"},"schema":{"@context":"https:\/\/schema.org","@graph":[{"@type":"WebPage","@id":"https:\/\/www.claudia-lampert.de\/?page_id=124","url":"https:\/\/www.claudia-lampert.de\/?page_id=124","name":"\u00c4ltere Vortr\u00e4ge - Claudia Lampert","isPartOf":{"@id":"https:\/\/www.claudia-lampert.de\/#website"},"datePublished":"2010-04-07T19:14:53+00:00","dateModified":"2023-08-01T09:00:24+00:00","breadcrumb":{"@id":"https:\/\/www.claudia-lampert.de\/?page_id=124#breadcrumb"},"inLanguage":"de","potentialAction":[{"@type":"ReadAction","target":["https:\/\/www.claudia-lampert.de\/?page_id=124"]}]},{"@type":"BreadcrumbList","@id":"https:\/\/www.claudia-lampert.de\/?page_id=124#breadcrumb","itemListElement":[{"@type":"ListItem","position":1,"name":"Startseite","item":"https:\/\/www.claudia-lampert.de\/"},{"@type":"ListItem","position":2,"name":"Vorgetragenes","item":"https:\/\/www.claudia-lampert.de\/?page_id=28"},{"@type":"ListItem","position":3,"name":"\u00c4ltere Vortr\u00e4ge"}]},{"@type":"WebSite","@id":"https:\/\/www.claudia-lampert.de\/#website","url":"https:\/\/www.claudia-lampert.de\/","name":"Claudia Lampert","description":"","publisher":{"@id":"https:\/\/www.claudia-lampert.de\/#\/schema\/person\/d9a1e59b876efa33489dac1efc9bc1da"},"potentialAction":[{"@type":"SearchAction","target":{"@type":"EntryPoint","urlTemplate":"https:\/\/www.claudia-lampert.de\/?s={search_term_string}"},"query-input":"required name=search_term_string"}],"inLanguage":"de"},{"@type":["Person","Organization"],"@id":"https:\/\/www.claudia-lampert.de\/#\/schema\/person\/d9a1e59b876efa33489dac1efc9bc1da","name":"CL","image":{"@type":"ImageObject","inLanguage":"de","@id":"https:\/\/www.claudia-lampert.de\/#\/schema\/person\/image\/","url":"https:\/\/www.claudia-lampert.de\/wp-content\/uploads\/2020\/04\/logo_cl-scaled.jpg","contentUrl":"https:\/\/www.claudia-lampert.de\/wp-content\/uploads\/2020\/04\/logo_cl-scaled.jpg","width":2414,"height":2560,"caption":"CL"},"logo":{"@id":"https:\/\/www.claudia-lampert.de\/#\/schema\/person\/image\/"}}]}},"_links":{"self":[{"href":"https:\/\/www.claudia-lampert.de\/index.php?rest_route=\/wp\/v2\/pages\/124"}],"collection":[{"href":"https:\/\/www.claudia-lampert.de\/index.php?rest_route=\/wp\/v2\/pages"}],"about":[{"href":"https:\/\/www.claudia-lampert.de\/index.php?rest_route=\/wp\/v2\/types\/page"}],"author":[{"embeddable":true,"href":"https:\/\/www.claudia-lampert.de\/index.php?rest_route=\/wp\/v2\/users\/1"}],"replies":[{"embeddable":true,"href":"https:\/\/www.claudia-lampert.de\/index.php?rest_route=%2Fwp%2Fv2%2Fcomments&post=124"}],"version-history":[{"count":11,"href":"https:\/\/www.claudia-lampert.de\/index.php?rest_route=\/wp\/v2\/pages\/124\/revisions"}],"predecessor-version":[{"id":782,"href":"https:\/\/www.claudia-lampert.de\/index.php?rest_route=\/wp\/v2\/pages\/124\/revisions\/782"}],"up":[{"embeddable":true,"href":"https:\/\/www.claudia-lampert.de\/index.php?rest_route=\/wp\/v2\/pages\/28"}],"wp:attachment":[{"href":"https:\/\/www.claudia-lampert.de\/index.php?rest_route=%2Fwp%2Fv2%2Fmedia&parent=124"}],"curies":[{"name":"wp","href":"https:\/\/api.w.org\/{rel}","templated":true}]}}