{"id":54,"date":"2010-01-13T20:07:44","date_gmt":"2010-01-13T20:07:44","guid":{"rendered":"http:\/\/localhost\/wordpress\/?page_id=54"},"modified":"2025-06-29T13:01:36","modified_gmt":"2025-06-29T13:01:36","slug":"monografien","status":"publish","type":"page","link":"https:\/\/www.claudia-lampert.de\/?page_id=54","title":{"rendered":"Monografien"},"content":{"rendered":"\n<div style=\"height:0px\" aria-hidden=\"true\" class=\"wp-block-spacer\"><\/div>\n\n\n\n<figure class=\"wp-block-gallery has-nested-images columns-8 is-cropped wp-block-gallery-1 is-layout-flex\">\n<figure class=\"wp-block-image size-large\"><a href=\"https:\/\/www.claudia-lampert.de\/wp-content\/uploads\/2023\/07\/SIKID-AP-Cover-2.jpg\"><img decoding=\"async\" loading=\"lazy\" width=\"593\" height=\"821\" data-id=\"1199\"  src=\"https:\/\/www.claudia-lampert.de\/wp-content\/uploads\/2023\/07\/SIKID-AP-Cover-2.jpg\" alt=\"\" class=\"wp-image-1199\" srcset=\"https:\/\/www.claudia-lampert.de\/wp-content\/uploads\/2023\/07\/SIKID-AP-Cover-2.jpg 593w, https:\/\/www.claudia-lampert.de\/wp-content\/uploads\/2023\/07\/SIKID-AP-Cover-2-217x300.jpg 217w\" sizes=\"(max-width: 593px) 100vw, 593px\" \/><\/a><\/figure>\n\n\n\n<figure class=\"wp-block-image size-large\"><a href=\"https:\/\/www.claudia-lampert.de\/wp-content\/uploads\/2023\/07\/JMS-Index-2023-1.jpg\"><img decoding=\"async\" loading=\"lazy\" width=\"600\" height=\"838\" data-id=\"1200\"  src=\"https:\/\/www.claudia-lampert.de\/wp-content\/uploads\/2023\/07\/JMS-Index-2023-1.jpg\" alt=\"\" class=\"wp-image-1200\" srcset=\"https:\/\/www.claudia-lampert.de\/wp-content\/uploads\/2023\/07\/JMS-Index-2023-1.jpg 600w, https:\/\/www.claudia-lampert.de\/wp-content\/uploads\/2023\/07\/JMS-Index-2023-1-215x300.jpg 215w\" sizes=\"(max-width: 600px) 100vw, 600px\" \/><\/a><\/figure>\n\n\n\n<figure class=\"wp-block-image size-large\"><a href=\"https:\/\/www.claudia-lampert.de\/wp-content\/uploads\/2023\/08\/eukidsonline.png\"><img decoding=\"async\" loading=\"lazy\" width=\"365\" height=\"534\" data-id=\"1457\"  src=\"https:\/\/www.claudia-lampert.de\/wp-content\/uploads\/2023\/08\/eukidsonline.png\" alt=\"\" class=\"wp-image-1457\" srcset=\"https:\/\/www.claudia-lampert.de\/wp-content\/uploads\/2023\/08\/eukidsonline.png 365w, https:\/\/www.claudia-lampert.de\/wp-content\/uploads\/2023\/08\/eukidsonline-205x300.png 205w\" sizes=\"(max-width: 365px) 100vw, 365px\" \/><\/a><\/figure>\n\n\n\n<figure class=\"wp-block-image size-large\"><a href=\"https:\/\/www.claudia-lampert.de\/wp-content\/uploads\/2023\/07\/Studienbuch_3Aufl-1.jpg\"><img decoding=\"async\" loading=\"lazy\" width=\"717\" height=\"1024\" data-id=\"1198\"  src=\"https:\/\/www.claudia-lampert.de\/wp-content\/uploads\/2023\/07\/Studienbuch_3Aufl-1-717x1024.jpg\" alt=\"\" class=\"wp-image-1198\" srcset=\"https:\/\/www.claudia-lampert.de\/wp-content\/uploads\/2023\/07\/Studienbuch_3Aufl-1-717x1024.jpg 717w, https:\/\/www.claudia-lampert.de\/wp-content\/uploads\/2023\/07\/Studienbuch_3Aufl-1-210x300.jpg 210w, https:\/\/www.claudia-lampert.de\/wp-content\/uploads\/2023\/07\/Studienbuch_3Aufl-1-768x1097.jpg 768w, https:\/\/www.claudia-lampert.de\/wp-content\/uploads\/2023\/07\/Studienbuch_3Aufl-1-1076x1536.jpg 1076w, https:\/\/www.claudia-lampert.de\/wp-content\/uploads\/2023\/07\/Studienbuch_3Aufl-1.jpg 1280w\" sizes=\"(max-width: 717px) 100vw, 717px\" \/><\/a><\/figure>\n\n\n\n<figure class=\"wp-block-image size-large\"><a href=\"https:\/\/www.claudia-lampert.de\/wp-content\/uploads\/2023\/08\/Kinder-und-Onlinewerbung.png\"><img decoding=\"async\" loading=\"lazy\" width=\"376\" height=\"537\" data-id=\"1458\"  src=\"https:\/\/www.claudia-lampert.de\/wp-content\/uploads\/2023\/08\/Kinder-und-Onlinewerbung.png\" alt=\"\" class=\"wp-image-1458\" srcset=\"https:\/\/www.claudia-lampert.de\/wp-content\/uploads\/2023\/08\/Kinder-und-Onlinewerbung.png 376w, https:\/\/www.claudia-lampert.de\/wp-content\/uploads\/2023\/08\/Kinder-und-Onlinewerbung-210x300.png 210w\" sizes=\"(max-width: 376px) 100vw, 376px\" \/><\/a><\/figure>\n\n\n\n<figure class=\"wp-block-image size-large\"><a href=\"https:\/\/www.claudia-lampert.de\/wp-content\/uploads\/2023\/08\/2023-08-25-21_10_15-Gesundheitskommunikation-und-Medien-1.png\"><img decoding=\"async\" loading=\"lazy\" width=\"274\" height=\"410\" data-id=\"1456\"  src=\"https:\/\/www.claudia-lampert.de\/wp-content\/uploads\/2023\/08\/2023-08-25-21_10_15-Gesundheitskommunikation-und-Medien-1.png\" alt=\"\" class=\"wp-image-1456\" srcset=\"https:\/\/www.claudia-lampert.de\/wp-content\/uploads\/2023\/08\/2023-08-25-21_10_15-Gesundheitskommunikation-und-Medien-1.png 274w, https:\/\/www.claudia-lampert.de\/wp-content\/uploads\/2023\/08\/2023-08-25-21_10_15-Gesundheitskommunikation-und-Medien-1-200x300.png 200w\" sizes=\"(max-width: 274px) 100vw, 274px\" \/><\/a><\/figure>\n\n\n\n<figure class=\"wp-block-image size-large\"><a href=\"https:\/\/www.claudia-lampert.de\/wp-content\/uploads\/2023\/08\/Nomos-Cover.png\"><img decoding=\"async\" loading=\"lazy\" width=\"400\" height=\"568\" data-id=\"1421\"  src=\"https:\/\/www.claudia-lampert.de\/wp-content\/uploads\/2023\/08\/Nomos-Cover.png\" alt=\"\" class=\"wp-image-1421\" srcset=\"https:\/\/www.claudia-lampert.de\/wp-content\/uploads\/2023\/08\/Nomos-Cover.png 400w, https:\/\/www.claudia-lampert.de\/wp-content\/uploads\/2023\/08\/Nomos-Cover-211x300.png 211w\" sizes=\"(max-width: 400px) 100vw, 400px\" \/><\/a><\/figure>\n\n\n\n<figure class=\"wp-block-image size-large\"><a href=\"https:\/\/www.claudia-lampert.de\/wp-content\/uploads\/2023\/08\/Lustige-Gewalt.png\"><img decoding=\"async\" loading=\"lazy\" width=\"203\" height=\"299\" data-id=\"1459\"  src=\"https:\/\/www.claudia-lampert.de\/wp-content\/uploads\/2023\/08\/Lustige-Gewalt.png\" alt=\"\" class=\"wp-image-1459\"\/><\/a><\/figure>\n<\/figure>\n\n\n<p><strong style=\"color: #003366; font-family: sans-serif; font-size: 16px;\"><br \/>&gt;&gt; <a href=\"https:\/\/www.claudia-lampert.de\/?page_id=57\">Herausgeberschaften<\/a><\/strong><\/p>\n<p><span style=\"color: #003366;\"><strong>&gt;&gt; <a href=\"https:\/\/www.claudia-lampert.de\/?page_id=59\">Aufs\u00e4tze<\/a><\/strong><\/span><\/p>\n<p><strong>&gt;&gt; <a href=\"https:\/\/www.claudia-lampert.de\/?page_id=1724\">Arbeitspapiere<\/a><\/strong><\/p>\n<p>Stapf, I.; Schelenz, L.; Dreyer, S.; Pfetsch, J.; Lampert, C.; Andresen, S.; Paschel, F.; Thiel, K.; Wysocki, N.; Pfisterer; S. &amp; Heesen, J. (2024): Der SIKID-Kompass: Sicherheit von Kindern in der digitalen Welt im Akteursnetzwerk erm\u00f6glichen (Version 1). Zenodo: <a href=\"https:\/\/doi.org\/10.5281\/zenodo.14179985\">https:\/\/doi.org\/10.5281\/zenodo.14179985<\/a><\/p>\n<p><span class=\"TextRun SCXW154544487 BCX0\" lang=\"DE-DE\" xml:lang=\"DE-DE\" data-contrast=\"none\"><span class=\"NormalTextRun SCXW154544487 BCX0\">Gebel, C.; Lampert, C.; Br\u00fcggen, N.; Dreyer, S.; Lauber, A.; Thiel, K. (2022): Jugendmedienschutzindex 2022. Der Umgang mit Onlinebezogenen Risiken. <\/span><span class=\"NormalTextRun SCXW154544487 BCX0\">Berlin: Freiwillige Selbstkontrolle Multimedia-Diensteanbieter e.V.<\/span><\/span><span class=\"EOP SCXW154544487 BCX0\" data-ccp-props=\"{&quot;134233117&quot;:false,&quot;134233118&quot;:false,&quot;201341983&quot;:0,&quot;335551550&quot;:6,&quot;335551620&quot;:6,&quot;335559685&quot;:0,&quot;335559737&quot;:0,&quot;335559738&quot;:0,&quot;335559739&quot;:120,&quot;335559740&quot;:240}\">\u00a0<\/span><\/p>\n<p>Broer, I.; Hasebrink, U.; Lampert, C.; Schr\u00f6der, H.-D.; Wagner, H.-U.; unter Mitarbeit von Corinna Endre\u00df (2021): Kommunikation in Krisen. Hamburg: Hans-Bredow-Institut, September 2021 (Arbeitspapiere des Hans-Bredow-Instituts | Projektergebnisse Nr. 59), <a href=\"https:\/\/doi.org\/10.21241\/ssoar.74139\">https:\/\/doi.org\/10.21241\/ssoar.74139<\/a><\/p>\n<p>Hasebrink, U.; Lampert, C.; Thiel, K. (2020): Digitale Teilhabe von Kindern und Jugendlichen. Ergebnisse der EU Kids Online-Befragung in Deutschland 2019. Hamburg: Verlag Hans-Bredow-Institut. <a href=\"https:\/\/leibniz-hbi.de\/uploads\/media\/Publikationen\/cms\/media\/n1hxe1v_EUKidsDigitaleTeilhabe200207.pdf\" target=\"_blank\" rel=\"noopener noreferrer\">LINK<\/a><\/p>\n<p>Hasebrink, U.; Lampert, C.; Thiel, K. (2019): Online-Erfahrungen von 9- bis 17-J\u00e4hrigen. Ergebnisse der EU Kids Online-Befragung in Deutschland 2019. 2. \u00fcberarb. Auflage. Hamburg: Verlag Hans-Bredow-Institut. <a href=\"https:\/\/leibniz-hbi.de\/uploads\/media\/Publikationen\/cms\/media\/odfzzoy_EUKO_DE_191209.pdf\">LINK<\/a><\/p>\n<p>S\u00fcss, D.; Lampert, C.; Tr\u00fcltzsch-Wijnen, C. W. (2018): Medienp\u00e4dagogik. Ein Studienbuch zur Einf\u00fchrung (3. Aufl.). Wiesbaden: Springer VS.<\/p>\n<p>Rossmann, C.; Lampert, C.; Stehr, P.; Grimm, M. (2018): Nutzung und Verbreitung von Gesundheitsinformationen. Ein Literatur\u00fcberblick zu theoretischen Ans\u00e4tzen und empirischen Befunden. G\u00fctersloh: Bertelsmann-Stiftung. DOI 10.11586\/2017051 (<a href=\"https:\/\/www.hans-bredow-institut.de\/uploads\/media\/default\/cms\/media\/orr1ueg_Gesundheitsinfosuche-Literaturueberblick.pdf\" target=\"_blank\" rel=\"noopener noreferrer\">pdf-Datei<\/a>).<\/p>\n<p>Dreyer, S.; Lampert, C.; Schulze, A. (2014): Kinder und Onlinewerbung. Erscheinungsformen von Werbung im Internet, ihre Wahrnehmung durch Kinder und ihr regulatorischer Kontext. Berlin: Vistas.<\/p>\n<p>S\u00fcss, D.; Lampert, C.; Wijnen, C. W. (2013): Medienp\u00e4dagogik. Ein Studienbuch zur Einf\u00fchrung (2. Aufl.). Wiesbaden: Springer VS.<\/p>\n<p>Lampert, C.; Schwinge, C.; Kammerl, R.; Hirschh\u00e4user, L. (2012): Computerspiele(n) in der Familie. D\u00fcsseldorf ( LfM-Dokumenation; 47) (<a href=\"http:\/\/lfmpublikationen.lfm-nrw.de\/modules\/pdf_download.php?products_id=298\" target=\"_blank\" rel=\"noopener noreferrer\">pdf-Datei<\/a>).<\/p>\n<p>Fromm, B.; Baumann, E.; Lampert, C. (2011): Gesundheitskommunikation und Medien. Ein Lehrbuch. Stuttgart: Kohlhammer Verlag.<\/p>\n<p>S\u00fcss, D.; Lampert, C.; Wijnen, C. W. (2010): Medienp\u00e4dagogik. Ein Studienbuch zur Einf\u00fchrung. Wiesbaden: VS Verlag.<\/p>\n<p>Lampert, C. (2007): Gesundheitsf\u00f6rderung im Unterhaltungsformat. Wie Jugendliche gesundheitsbezogene Darstellungen in fiktionalen Fernsehangeboten wahrnehmen und bewerten. Baden Baden: Nomos Verlag.<\/p>\n<p>Aufenanger, S.; Lampert, C.;\u00a0 Vockerodt, Y. (1995): Lustige Gewalt? Zum Verwechslungsrisiko von realer und inszenierter Fernsehgewalt bei Kinder durch humoreske Programmkontexte. M\u00fcnchen: BLM-Schriftenreihe Band 38.<\/p>","protected":false},"excerpt":{"rendered":"<p>&gt;&gt; Herausgeberschaften &gt;&gt; Aufs\u00e4tze &gt;&gt; Arbeitspapiere Stapf, I.; Schelenz, L.; Dreyer, S.; Pfetsch, J.; Lampert, C.; Andresen, S.; Paschel, F.; Thiel, K.; Wysocki, N.; Pfisterer; S. &amp; Heesen, J. (2024): Der SIKID-Kompass: Sicherheit von Kindern in der digitalen Welt im Akteursnetzwerk erm\u00f6glichen (Version 1). Zenodo: https:\/\/doi.org\/10.5281\/zenodo.14179985 Gebel, C.; Lampert, C.; Br\u00fcggen, N.; Dreyer, S.; Lauber, <a class=\"more-link\" href=\"https:\/\/www.claudia-lampert.de\/?page_id=54\">Weiterlesen\u00a0\u2026<\/a><\/p>\n","protected":false},"author":1,"featured_media":0,"parent":26,"menu_order":0,"comment_status":"closed","ping_status":"closed","template":"","meta":[],"yoast_head":"<!-- This site is optimized with the Yoast SEO plugin v20.12 - https:\/\/yoast.com\/wordpress\/plugins\/seo\/ -->\n<title>Monografien - Claudia Lampert<\/title>\n<meta name=\"robots\" content=\"index, follow, max-snippet:-1, max-image-preview:large, max-video-preview:-1\" \/>\n<link rel=\"canonical\" href=\"https:\/\/www.claudia-lampert.de\/?page_id=54\" \/>\n<meta property=\"og:locale\" content=\"de_DE\" \/>\n<meta property=\"og:type\" content=\"article\" \/>\n<meta property=\"og:title\" content=\"Monografien - Claudia Lampert\" \/>\n<meta property=\"og:description\" content=\"&gt;&gt; Herausgeberschaften &gt;&gt; Aufs\u00e4tze &gt;&gt; Arbeitspapiere Stapf, I.; Schelenz, L.; Dreyer, S.; Pfetsch, J.; Lampert, C.; Andresen, S.; Paschel, F.; Thiel, K.; Wysocki, N.; Pfisterer; S. &amp; Heesen, J. (2024): Der SIKID-Kompass: Sicherheit von Kindern in der digitalen Welt im Akteursnetzwerk erm\u00f6glichen (Version 1). Zenodo: https:\/\/doi.org\/10.5281\/zenodo.14179985 Gebel, C.; Lampert, C.; Br\u00fcggen, N.; Dreyer, S.; Lauber, Weiterlesen\u00a0\u2026\" \/>\n<meta property=\"og:url\" content=\"https:\/\/www.claudia-lampert.de\/?page_id=54\" \/>\n<meta property=\"og:site_name\" content=\"Claudia Lampert\" \/>\n<meta property=\"article:modified_time\" content=\"2025-06-29T13:01:36+00:00\" \/>\n<meta property=\"og:image\" content=\"https:\/\/www.claudia-lampert.de\/wp-content\/uploads\/2023\/07\/SIKID-AP-Cover-2.jpg\" \/>\n<meta name=\"twitter:card\" content=\"summary_large_image\" \/>\n<meta name=\"twitter:label1\" content=\"Gesch\u00e4tzte Lesezeit\" \/>\n\t<meta name=\"twitter:data1\" content=\"4\u00a0Minuten\" \/>\n<script type=\"application\/ld+json\" class=\"yoast-schema-graph\">{\"@context\":\"https:\/\/schema.org\",\"@graph\":[{\"@type\":\"WebPage\",\"@id\":\"https:\/\/www.claudia-lampert.de\/?page_id=54\",\"url\":\"https:\/\/www.claudia-lampert.de\/?page_id=54\",\"name\":\"Monografien - Claudia Lampert\",\"isPartOf\":{\"@id\":\"https:\/\/www.claudia-lampert.de\/#website\"},\"datePublished\":\"2010-01-13T20:07:44+00:00\",\"dateModified\":\"2025-06-29T13:01:36+00:00\",\"breadcrumb\":{\"@id\":\"https:\/\/www.claudia-lampert.de\/?page_id=54#breadcrumb\"},\"inLanguage\":\"de\",\"potentialAction\":[{\"@type\":\"ReadAction\",\"target\":[\"https:\/\/www.claudia-lampert.de\/?page_id=54\"]}]},{\"@type\":\"BreadcrumbList\",\"@id\":\"https:\/\/www.claudia-lampert.de\/?page_id=54#breadcrumb\",\"itemListElement\":[{\"@type\":\"ListItem\",\"position\":1,\"name\":\"Startseite\",\"item\":\"https:\/\/www.claudia-lampert.de\/\"},{\"@type\":\"ListItem\",\"position\":2,\"name\":\"Ver\u00f6ffentlichtes\",\"item\":\"https:\/\/www.claudia-lampert.de\/?page_id=26\"},{\"@type\":\"ListItem\",\"position\":3,\"name\":\"Monografien\"}]},{\"@type\":\"WebSite\",\"@id\":\"https:\/\/www.claudia-lampert.de\/#website\",\"url\":\"https:\/\/www.claudia-lampert.de\/\",\"name\":\"Claudia Lampert\",\"description\":\"\",\"publisher\":{\"@id\":\"https:\/\/www.claudia-lampert.de\/#\/schema\/person\/d9a1e59b876efa33489dac1efc9bc1da\"},\"potentialAction\":[{\"@type\":\"SearchAction\",\"target\":{\"@type\":\"EntryPoint\",\"urlTemplate\":\"https:\/\/www.claudia-lampert.de\/?s={search_term_string}\"},\"query-input\":\"required name=search_term_string\"}],\"inLanguage\":\"de\"},{\"@type\":[\"Person\",\"Organization\"],\"@id\":\"https:\/\/www.claudia-lampert.de\/#\/schema\/person\/d9a1e59b876efa33489dac1efc9bc1da\",\"name\":\"CL\",\"image\":{\"@type\":\"ImageObject\",\"inLanguage\":\"de\",\"@id\":\"https:\/\/www.claudia-lampert.de\/#\/schema\/person\/image\/\",\"url\":\"https:\/\/www.claudia-lampert.de\/wp-content\/uploads\/2020\/04\/logo_cl-scaled.jpg\",\"contentUrl\":\"https:\/\/www.claudia-lampert.de\/wp-content\/uploads\/2020\/04\/logo_cl-scaled.jpg\",\"width\":2414,\"height\":2560,\"caption\":\"CL\"},\"logo\":{\"@id\":\"https:\/\/www.claudia-lampert.de\/#\/schema\/person\/image\/\"}}]}<\/script>\n<!-- \/ Yoast SEO plugin. -->","yoast_head_json":{"title":"Monografien - Claudia Lampert","robots":{"index":"index","follow":"follow","max-snippet":"max-snippet:-1","max-image-preview":"max-image-preview:large","max-video-preview":"max-video-preview:-1"},"canonical":"https:\/\/www.claudia-lampert.de\/?page_id=54","og_locale":"de_DE","og_type":"article","og_title":"Monografien - Claudia Lampert","og_description":"&gt;&gt; Herausgeberschaften &gt;&gt; Aufs\u00e4tze &gt;&gt; Arbeitspapiere Stapf, I.; Schelenz, L.; Dreyer, S.; Pfetsch, J.; Lampert, C.; Andresen, S.; Paschel, F.; Thiel, K.; Wysocki, N.; Pfisterer; S. &amp; Heesen, J. (2024): Der SIKID-Kompass: Sicherheit von Kindern in der digitalen Welt im Akteursnetzwerk erm\u00f6glichen (Version 1). Zenodo: https:\/\/doi.org\/10.5281\/zenodo.14179985 Gebel, C.; Lampert, C.; Br\u00fcggen, N.; Dreyer, S.; Lauber, Weiterlesen\u00a0\u2026","og_url":"https:\/\/www.claudia-lampert.de\/?page_id=54","og_site_name":"Claudia Lampert","article_modified_time":"2025-06-29T13:01:36+00:00","og_image":[{"url":"https:\/\/www.claudia-lampert.de\/wp-content\/uploads\/2023\/07\/SIKID-AP-Cover-2.jpg"}],"twitter_card":"summary_large_image","twitter_misc":{"Gesch\u00e4tzte Lesezeit":"4\u00a0Minuten"},"schema":{"@context":"https:\/\/schema.org","@graph":[{"@type":"WebPage","@id":"https:\/\/www.claudia-lampert.de\/?page_id=54","url":"https:\/\/www.claudia-lampert.de\/?page_id=54","name":"Monografien - Claudia Lampert","isPartOf":{"@id":"https:\/\/www.claudia-lampert.de\/#website"},"datePublished":"2010-01-13T20:07:44+00:00","dateModified":"2025-06-29T13:01:36+00:00","breadcrumb":{"@id":"https:\/\/www.claudia-lampert.de\/?page_id=54#breadcrumb"},"inLanguage":"de","potentialAction":[{"@type":"ReadAction","target":["https:\/\/www.claudia-lampert.de\/?page_id=54"]}]},{"@type":"BreadcrumbList","@id":"https:\/\/www.claudia-lampert.de\/?page_id=54#breadcrumb","itemListElement":[{"@type":"ListItem","position":1,"name":"Startseite","item":"https:\/\/www.claudia-lampert.de\/"},{"@type":"ListItem","position":2,"name":"Ver\u00f6ffentlichtes","item":"https:\/\/www.claudia-lampert.de\/?page_id=26"},{"@type":"ListItem","position":3,"name":"Monografien"}]},{"@type":"WebSite","@id":"https:\/\/www.claudia-lampert.de\/#website","url":"https:\/\/www.claudia-lampert.de\/","name":"Claudia Lampert","description":"","publisher":{"@id":"https:\/\/www.claudia-lampert.de\/#\/schema\/person\/d9a1e59b876efa33489dac1efc9bc1da"},"potentialAction":[{"@type":"SearchAction","target":{"@type":"EntryPoint","urlTemplate":"https:\/\/www.claudia-lampert.de\/?s={search_term_string}"},"query-input":"required name=search_term_string"}],"inLanguage":"de"},{"@type":["Person","Organization"],"@id":"https:\/\/www.claudia-lampert.de\/#\/schema\/person\/d9a1e59b876efa33489dac1efc9bc1da","name":"CL","image":{"@type":"ImageObject","inLanguage":"de","@id":"https:\/\/www.claudia-lampert.de\/#\/schema\/person\/image\/","url":"https:\/\/www.claudia-lampert.de\/wp-content\/uploads\/2020\/04\/logo_cl-scaled.jpg","contentUrl":"https:\/\/www.claudia-lampert.de\/wp-content\/uploads\/2020\/04\/logo_cl-scaled.jpg","width":2414,"height":2560,"caption":"CL"},"logo":{"@id":"https:\/\/www.claudia-lampert.de\/#\/schema\/person\/image\/"}}]}},"_links":{"self":[{"href":"https:\/\/www.claudia-lampert.de\/index.php?rest_route=\/wp\/v2\/pages\/54"}],"collection":[{"href":"https:\/\/www.claudia-lampert.de\/index.php?rest_route=\/wp\/v2\/pages"}],"about":[{"href":"https:\/\/www.claudia-lampert.de\/index.php?rest_route=\/wp\/v2\/types\/page"}],"author":[{"embeddable":true,"href":"https:\/\/www.claudia-lampert.de\/index.php?rest_route=\/wp\/v2\/users\/1"}],"replies":[{"embeddable":true,"href":"https:\/\/www.claudia-lampert.de\/index.php?rest_route=%2Fwp%2Fv2%2Fcomments&post=54"}],"version-history":[{"count":54,"href":"https:\/\/www.claudia-lampert.de\/index.php?rest_route=\/wp\/v2\/pages\/54\/revisions"}],"predecessor-version":[{"id":1762,"href":"https:\/\/www.claudia-lampert.de\/index.php?rest_route=\/wp\/v2\/pages\/54\/revisions\/1762"}],"up":[{"embeddable":true,"href":"https:\/\/www.claudia-lampert.de\/index.php?rest_route=\/wp\/v2\/pages\/26"}],"wp:attachment":[{"href":"https:\/\/www.claudia-lampert.de\/index.php?rest_route=%2Fwp%2Fv2%2Fmedia&parent=54"}],"curies":[{"name":"wp","href":"https:\/\/api.w.org\/{rel}","templated":true}]}}